+ 1 + -7 + 8 + -17 + 3?
-8
What is 8 - (4 - -4) - -6?
6
What is 17 - -3 - (-446 - -449)?
17
What is (6 - 1) + -3 - (12 + -1)?
-9
Calculate 8 - ((-6 + -9 - -11) + 2).
10
Evaluate -15 - (-2 - 5 - (-14 - -10)).
-12
Calculate (-8 - 0) + (20 - 18 - (14 + -4)).
-16
(6 - 0 - 3) + -10 - (-262 - -279)
-24
What is the value of 36 - 48 - (-23 - 0)?
11
Evaluate -2 - ((2 - 3) + -7 + -2 + 4).
4
(2 - -9) + 10 + -17 + 1
5
Evaluate -16 + 23 + -7 + (1 + -3 - 12).
-14
What is -2 + (-8 - (-9 - (-1 + 6))) + 7?
11
Calculate -323 + 310 + (0 - 5).
-18
What is the value of -61 - (17 - (-3 - -47))?
-34
What is the value of (-20 - -30) + (3 + -2 - 24)?
-13
What is the value of 37 - (47 - 30) - 17?
3
Calculate -15 - (-36 - (1 - (-2 + 8))).
16
Calculate 2 + (0 + -1 + -2 - 8 - -4).
-5
39 + (-27 - 3) - -8
17
What is 0 + -26 + (-66 - -82) - (3 - 12)?
-1
Evaluate (-14 - (-21 - 1)) + -18.
-10
(-7 + 5 - -10) + -5 + -8
-5
What is the value of 3 + (13 - (-6 - (6 + -14)))?
14
(7 - ((-16 - -7) + 0 + 8)) + -34
-26
Evaluate -335 + 341 - (0 + 7 + 1).
-2
Evaluate 25 - (-2 - -13 - -12).
2
Calculate (44 - 53) + 0 + 12 - (-11 - -7).
7
Calculate (-5 - 8 - -10) + -20.
-23
What is 5 + 0 + -6 - ((-15 - -4) + -4)?
14
What is the value of 2 - (-4 - (9 - -3))?
18
Evaluate -7 + 2 - (11 + (3 - 18)).
-1
(3 - 2) + 1 + (13 - 3 - 5)
7
Evaluate -36 + 30 + 3 + 1 - 2 - 5.
-9
Calculate -1 - (4 + -4) - (8 - -1).
-10
What is the value of 43 - (-33 + 15 - -31)?
30
Calculate -5 - ((5 - 7) + (-4 - (3 + -1))).
3
Evaluate 25 - (-3 - -17 - 15).
26
What is 0 + (-7 - 5 - -6) + -7 + 11?
-2
What is -6 + 1 + 1 + (-24 - -16)?
-12
What is -62 + 56 + (-5 - 5 - -2)?
-14
What is -14 + 1 + (-7 + 3 - 13)?
-30
Evaluate -31 - (-92 - (-21 + -6)).
34
-1 + 15 + (-59 - -53)
8
What is -88 + 86 - (0 + -6) - (12 - 1)?
-7
Calculate -5 - (5 - (29 + -15)).
4
(43 - 51) + 10 + 10 + -44
-32
(15 - 7) + 7 - 2
13
Evaluate (82 + -26 - 90) + 1 + 7.
-26
Evaluate 24 + 21 + -20 - 17.
8
Evaluate (-14 - ((-4 + 1 - 4) + 0)) + 10.
3
Evaluate (-11 - (13 - 19)) + 13.
8
What is the value of -8 + -32 + 33 + (-6 - -2)?
-11
What is the value of 13 + (-61 - (-3 - 0 - 12))?
-33
-18 - -35 - (57 + -58)
18
What is 53 + (-33 - 3) - 34?
-17
Calculate 0 + 24 - 1 - 9.
14
Calculate 2 - -18 - ((38 - 7) + -20).
9
Calculate (1 - 22) + -9 + -3 + 20.
-13
Calculate 9 - (-8 - -3 - -33) - 6.
-25
Evaluate (7 - -2) + 0 + 168 + -173.
4
(1 - 34) + 15 - -4
-14
What is -14 + (9 - 1 - 1) + -3 + 0?
-10
Calculate (-1 - (-8 + 18)) + -3 + 5.
-9
Calculate 0 + -10 + 10 + 3.
3
Evaluate -39 - 2 - -55 - (20 - 2).
-4
20 + 2 + 19 + -39
2
Evaluate (6 - 1 - 6 - -5) + (-1 - 12).
-9
Calculate 0 + -24 + (39 - 60 - -30).
-15
What is the value of 21 + (11 - 15 - 19)?
-2
24 + -5 + (14 - 26)
7
Evaluate -9 + (-63 - -25) + 40.
-7
What is the value of (14 - 17) + -6 - (18 - 31)?
4
Calculate 532 + -534 + -7 + 1.
-8
-28 + 10 + 10 + 1 - 5
-12
2 - 30 - ((9 - 15) + -2 - -1)
-21
Evaluate 20 - -6 - (15 - 1).
12
-7 - (-5 + -8 + 8) - 19
-21
Evaluate 3 - (-1 + -6 + 4 - 3 - -11).
-2
Evaluate 12 + (25 - 41) + (-5 - -1).
-8
What is the value of 7 + 3 + 5 - 26 - -26?
15
What is the value of (-8 - (13 - 17)) + (-3 - 24 - -2)?
-29
What is the value of (-6 - -2) + 2 + -8 + (7 - -23)?
20
Evaluate -15 + 11 + 12 + 19 + -4 + -5.
18
What is the value of 21 + 9 + (-10 - 5) - 48?
-33
Evaluate -3 + (-1 - -30) - (-29 - -37).
18
What is the value of -34 - (-33 + 2 + -25)?
22
Evaluate -3 + -29 + 32 + -7.
-7
Evaluate 1 + 0 + 49 + -61.
-11
-9 - (-4 + 2 - 17 - -5)
5
(-4 - -23 - 22) + (4 - -25)
26
Evaluate (2 - (-1 - -10)) + (-12 - (-22 + 3)).
0
Calculate 15 - (17 + (-25 - -16)).
7
Calculate 0 + -28 + (-10 - -46).
8
What is 5 - (3 - -34 - 23)?
-9
Calculate 18 + (21 - (19 + 23)).
-3
Calculate (39 - 46) + 15 + 1 - (18 - 32).
23
Evaluate (-8 - -4) + ((-5 - -2) + 3 - -1).
-3
Calculate -5 + 7 + -3 - -10.
9
What is -25 - (0 + (-11 - -1) + (-6 - -20))?
-29
What is -1 + -1 + 2 - (-1 - (24 + -29))?
-4
-6 + (-10 - 0) - -6
-10
Evaluate (-8 + 7 + 0 - 7) + 12.
4
-27 - (25 - -17 - 43)
-26
What is the value of -2 - (-1 - 1) - (160 - 158)?
-2
Calculate (-18 - (-22 + 10)) + -5 + 0.
-11
(14 - -1) + 0 + 20 + -20
15
-20 - ((13 - 24) + 5)
-14
What is 3 + (-10 - -2) + (1 - 3 - -2)?
-5
12 - (17 - (-1 + 13) - (-23 - -4))
-12
What is the value of (16 + -13 - -5) + (2 - 12)?
-2
Evaluate 6 + (22 + -18 - -2) + (6 - 0).
18
What is the value of -11 - (-1 - (-28 + 13 - -7))?
-18
Evaluate 12 + (-9 - 3) + (4 - 2) + 15.
17
Evaluate (10 - (3 + -3)) + 138 + -173.
-25
Calculate -5 - (-6 + 16 + -15).
0
What is the value of 33 + -42 + -6 + -2 + 2?
-15
What is (12 - (0 + (-3 - -3))) + -477 + 487?
22
What is the value of -51 - -4 - (-233 + 210)?
-24
Evaluate (-15 - -15) + 0 + 11 - 0.
11
-8 + (11 + -2 - (5 - (-2 - -1)))
-5
Calculate 2 + 0 + -208 + 198 - (-26 + -1).
19
What is -340 + 330 + 9 + -4 + 3?
-2
Calculate 4 + -4 - -9 - (137 - 141).
13
What is the value of -10 + 4 + (2 - (0 - 5)) - 5?
-4
Calculate 6 + -7 + (13 - 4) + 5.
13
What is -22 + 2 + 23 - -1?
4
What is the value of 2 + (5 - (-3 - -4 - (1 + -19)))?
-12
Evaluate 8 + -20 + 15 - (2 - 1).
2
Calculate -12 - -16 - (11 - (1 + 2)).
-4
-1 - (3 + -4 - (6 - 1 - 0))
5
Evaluate 6 - (24 + (-8 - 7) + 2 + 6).
-11
Evaluate -46 + 59 - (-2 + 7) - 12.
-4
Evaluate 12 + 1 + 7 + (-4 - 6).
10
What is the value of -6 + (0 - 1 - (0 + -21 + 13))?
1
Calculate -2 + -9 + 5 + 1 - (51 - 52).
-4
What is (-23 - -12) + (-25 - -4 - -4)?
-28
What is (49 - 45) + (6 - -1) + -3 + 16?
24
What is 8 + (12 + (0 - -14) - -1)?
35
What is the value of 10 - (-1 - -3) - (120 + -122)?
10
What is 3 - 11 - (8 + (-6 - 18))?
8
Calculate (0 + -4 - -6) + (7 + -6 - -5).
8
Calculate 4 + 8 + -28 - (8 + -7).
-17
What is (5 - 3) + 6 + -14 - -6 - -19?
19
0 + -9 + 4 + 20 + 2
17
What is 35 - (35 + -7) - 35?
-28
Calculate -3 + 22 - (-1 - -7 - 7 - -6).
14
Calculate 67 + -36 + 46 - 43.
34
Evaluate (3 - 2 - 0 - 1) + -32 + 45.
13
Calculate 9 + 5 - -13 - 14.
13
Evaluate 6 + (-30 - (-37 + -13)).
26
Calculate 25 - -5 - (-1 + 18).
13
What is the value of -4 + (5 - 1) + -18 + 12?
-6
Calculate 3 - 1 - (5 + -5 + 8).
-6
What is 0 + (4 - (8 + -7)) - 15?
-12
What is the value of (3 - 5 - (-7 - -4)) + 1?
2
What is (0 - 14) + -157 + 160?
-11
Calculate 6 + -12 + (42 - 32).
4
Evaluate 4 + 6 + (15 - 6).
19
What is -3 + 2 + -2 + -1 + -18 - -6?
-16
What is -8 + (44 + -7 - 14) - -9?
24
(8 + -6 - 5) + (-4 - -8)
1
-10 + (9 - (0 - -23 - (-25 + 32)))
-17
Calculate 1 + -2 + 6 + (-5 - (35 + -2)).
-33
What is the value of -20 + -2 - (6 - -32 - 32)?
-28
25 + -84 + 44 + -11 + 1
-25
Calculate -27 - -30 - (7 + -1 + -5 + 4).
-2
Calculate -1 - (3 - 2) - (-8 - (-42 - -31)).
-5
What is (2 + -3 + 2 - -6) + (297 - 300)?
4
What is (14 + 1 - 5 - 1) + -3?
6
Calculate (-12 - -32) + -1 + -16.
3
What is the value of (2 - 4) + 6 + -8 + -24 + 28?
0
Evaluate -1334 + 1324 - (4 + 0).
-14
Evaluate (11 - -8) + (24 - 44).
-1
Evaluate 29 - 4 - (11 + -2 + -3).
19
(-86 - -88) + (-6 - (-3 + (1 - -2)))
-4
Evaluate -6 - (-7 + 4 - -6).
-9
What is the value of -6 - (-10 + 2 - -23)?
-21
What is the value of (-5 - -2 - 1) + (-21 - -24) + -20?
-21
Calculate -20 + 16 + 19 + -24.
-9
What is -26 + 6 - (-14 - -2 - (-22 + 15))?
-15
What is 6 + -3 - (147 + -127)?
-17
(9 - 0) + (-66 - -19 - -43)
5
Evaluate -24 - (-11 + 0 + 110 + -105 + 3).
-21
(-1 - -2) + -4 - (-15 + 18)
-6
(5 - (2 - -2)) + -1 + 0
0
Calculate 0 - 34 - (-189 - -173).
-18
What is the value of -6 - ((-4 - 1) + 6 + -5)?
-2
-14 - (0 + -4 - (-83 + 80))
-13
What is the value of 39 - ((-28 - 1) + 69)?
-1
Evaluate 26 + -1 + (13 - (3 - 0)) - -1.
36
-11 + -2 + 0 - (344 + -376)
19
What is the value of 4 - 7 - -9 - -3?
9
(-11 - (8 + -5)) + 17
3
Evaluate -13 + (-10 - (4 + -26)) + -1 + -1.
-3
What is -6 - -9 - (0 - -5 - 2)?
0
4 - (-7 + -2) - (-2 + 44)
-29
Evaluate 16 - 3 - (53 - (26 + 1)).
-13
What is the value of 42 - 26 - (-12 - -32)?
-4
What is the value of -3 + (-4 + 2 - -8) + (23 - 21)?
5
Calculate 0 - 15 - -10 - 4 - -1.
-8
10 - (0 - (5 - 17) - -10)
-12
What is the value of -6 + 43 + -84 + 56?
9
What is the value of 23 - (12 - -48) - (-10 + 4 - 2)?
-29
What is the value of 6 - (10 - (25 - 17 - (0 + -1)))?
5
Evaluate -1 + -2 - (-19 - (25 - 39)).
2
What is the value of -1 + (2 - 2 - (-25 + 27)) + 1?
-2
Evaluate -41 + -1 + 4 - (68 + -78).
-28
Calculate 0 + -3 + (7 - (2 - (-10 - -9))).
1
(